vided by 32.
5
What is the remainder when 5079 is divided by 364?
347
Calculate the remainder when 1795 is divided by 395.
215
What is the remainder when 81619 is divided by 1774?
15
Calculate the remainder when 638682 is divided by 107.
106
Calculate the remainder when 11045 is divided by 614.
607
What is the remainder when 62566 is divided by 198?
196
Calculate the remainder when 16738 is divided by 288.
34
Calculate the remainder when 2628 is divided by 1614.
1014
What is the remainder when 5289 is divided by 27?
24
What is the remainder when 4486 is divided by 25?
11
What is the remainder when 146538 is divided by 68?
66
Calculate the remainder when 753 is divided by 261.
231
What is the remainder when 21639 is divided by 1126?
245
Calculate the remainder when 1769287 is divided by 80.
7
What is the remainder when 67098 is divided by 13406?
68
What is the remainder when 106420 is divided by 15199?
27
Calculate the remainder when 8276 is divided by 3795.
686
What is the remainder when 229630 is divided by 52?
50
What is the remainder when 58046 is divided by 637?
79
What is the remainder when 7773 is divided by 248?
85
Calculate the remainder when 337572 is divided by 175.
172
What is the remainder when 81127 is divided by 427?
424
Calculate the remainder when 77189 is divided by 919.
912
Calculate the remainder when 5233 is divided by 131.
124
What is the remainder when 8644 is divided by 2878?
10
Calculate the remainder when 9010 is divided by 1286.
8
Calculate the remainder when 136145 is divided by 2161.
2
What is the remainder when 3185 is divided by 1889?
1296
What is the remainder when 514314 is divided by 171435?
9
Calculate the remainder when 30158 is divided by 139.
134
What is the remainder when 11591 is divided by 3596?
803
Calculate the remainder when 1029 is divided by 29.
14
What is the remainder when 10701 is divided by 94?
79
Calculate the remainder when 141827 is divided by 22.
15
Calculate the remainder when 148945 is divided by 92.
89
What is the remainder when 8683 is divided by 8635?
48
Calculate the remainder when 1232 is divided by 363.
143
What is the remainder when 19882 is divided by 125?
7
What is the remainder when 284320 is divided by 12?
4
Calculate the remainder when 417905 is divided by 54.
53
Calculate the remainder when 120568 is divided by 92.
48
Calculate the remainder when 481341 is divided by 187.
3
What is the remainder when 5828 is divided by 966?
32
Calculate the remainder when 30938 is divided by 9.
5
What is the remainder when 255748 is divided by 62?
60
What is the remainder when 26462 is divided by 9?
2
What is the remainder when 3911 is divided by 780?
11
Calculate the remainder when 4859 is divided by 332.
211
What is the remainder when 90255 is divided by 13?
9
Calculate the remainder when 12655 is divided by 28.
27
What is the remainder when 41241 is divided by 1969?
1861
What is the remainder when 1005056 is divided by 420?
416
Calculate the remainder when 49688 is divided by 14.
2
What is the remainder when 24764 is divided by 1459?
1420
Calculate the remainder when 1615 is divided by 455.
250
What is the remainder when 34421 is divided by 1043?
2
Calculate the remainder when 1052694 is divided by 44.
38
Calculate the remainder when 4223 is divided by 188.
87
Calculate the remainder when 1372 is divided by 1194.
178
What is the remainder when 197917 is divided by 455?
447
What is the remainder when 428312 is divided by 6?
2
Calculate the remainder when 9202 is divided by 1322.
1270
What is the remainder when 93230 is divided by 15533?
32
What is the remainder when 7237 is divided by 3239?
759
Calculate the remainder when 119221 is divided by 568.
509
What is the remainder when 32496 is divided by 32461?
35
Calculate the remainder when 561320 is divided by 371.
368
What is the remainder when 2924 is divided by 67?
43
Calculate the remainder when 2424 is divided by 423.
309
Calculate the remainder when 1978 is divided by 82.
10
What is the remainder when 9999 is divided by 1428?
3
Calculate the remainder when 22817 is divided by 181.
11
Calculate the remainder when 7466 is divided by 1234.
62
Calculate the remainder when 2744 is divided by 176.
104
What is the remainder when 6754 is divided by 55?
44
What is the remainder when 2148 is divided by 8?
4
Calculate the remainder when 69140 is divided by 1032.
1028
Calculate the remainder when 981079 is divided by 67.
65
What is the remainder when 11792 is divided by 5883?
26
What is the remainder when 2371 is divided by 2?
1
What is the remainder when 4282 is divided by 321?
109
Calculate the remainder when 13862 is divided by 651.
191
What is the remainder when 27916 is divided by 6?
4
What is the remainder when 16045 is divided by 763?
22
What is the remainder when 48270 is divided by 754?
14
Calculate the remainder when 5723 is divided by 81.
53
What is the remainder when 16120 is divided by 503?
24
What is the remainder when 13201 is divided by 3297?
13
Calculate the remainder when 23832 is divided by 1036.
4
What is the remainder when 1397 is divided by 8?
5
What is the remainder when 48203 is divided by 618?
617
Calculate the remainder when 4631 is divided by 224.
151
Calculate the remainder when 5913 is divided by 1917.
162
What is the remainder when 355692 is divided by 71137?
7
What is the remainder when 53715 is divided by 2148?
15
Calculate the remainder when 290990 is divided by 118.
2
What is the remainder when 7708 is divided by 956?
60
Calculate the remainder when 40301 is divided by 36.
17
What is the remainder when 2304 is divided by 120?
24
Calculate the remainder when 74 is divided by 40.
34
Calculate the remainder when 253597 is divided by 18.
13
What is the remainder when 222155 is divided by 40?
35
What is the remainder when 12497 is divided by 29?
27
Calculate the remainder when 65123 is divided by 40.
3
What is the remainder when 1618 is divided by 64?
18
What is the remainder when 23837 is divided by 211?
205
What is the remainder when 4135 is divided by 401?
125
Calculate the remainder when 207723 is divided by 25.
23
Calculate the remainder when 4543 is divided by 819.
448
What is the remainder when 625818 is divided by 83?
81
Calculate the remainder when 2179 is divided by 575.
454
Calculate the remainder when 135194 is divided by 228.
218
Calculate the remainder when 22948 is divided by 104.
68
Calculate the remainder when 208280 is divided by 68.
64
Calculate the remainder when 277618 is divided by 92534.
16
Calculate the remainder when 47930 is divided by 19.
12
What is the remainder when 24231 is divided by 6053?
19
Calculate the remainder when 19924 is divided by 3975.
49
Calculate the remainder when 64615 is divided by 1437.
1387
Calculate the remainder when 7036667 is divided by 36.
35
Calculate the remainder when 20789 is divided by 297.
296
Calculate the remainder when 29775 is divided by 2976.
15
Calculate the remainder when 42971 is divided by 1048.
3
What is the remainder when 19757 is divided by 37?
36
What is the remainder when 1997 is divided by 997?
3
Calculate the remainder when 569 is divided by 166.
71
Calculate the remainder when 2661 is divided by 134.
115
What is the remainder when 2359 is divided by 1162?
35
What is the remainder when 13121 is divided by 490?
381
Calculate the remainder when 134089 is divided by 22.
21
Calculate the remainder when 351434 is divided by 93.
80
Calculate the remainder when 384546 is divided by 27.
12
What is the remainder when 17860 is divided by 618?
556
What is the remainder when 1807 is divided by 136?
39
What is the remainder when 7124 is divided by 707?
54
What is the remainder when 4008 is divided by 500?
8
Calculate the remainder when 626 is divided by 61.
16
Calculate the remainder when 73837 is divided by 1421.
1366
What is the remainder when 50367 is divided by 16?
15
What is the remainder when 13229 is divided by 631?
609
Calculate the remainder when 24324 is divided by 737.
3
Calculate the remainder when 5560 is divided by 1082.
150
Calculate the remainder when 983 is divided by 636.
347
What is the remainder when 24766 is divided by 3078?
142
What is the remainder when 18261 is divided by 1178?
591
Calculate the remainder when 554288 is divided by 